
Let x(u) = -u + 3. Calculate x(-5).
8
Let i(w) = 9*w - 52. Determine i(6).
2
Let g(o) = o**3 - 8*o**2 - 3*o + 1. Calculate g(6).
-89
Let m(t) = 11*t - 16. Determine m(5).
39
Let t(l) = 5*l - 27. Give t(16).
53
Let g(t) = 4*t + 7. Determine g(-5).
-13
Let p(w) = 4*w**2 - 2*w - 3. What is p(-1)?
3
Let s(d) = -2*d**2 + 7*d - 1. What is s(5)?
-16
Let i(h) = h**3 + h**2 - 20*h + 5. What is i(-5)?
5
Let x(q) = 12*q + 75. Give x(-4).
27
Let l(y) = 3*y**2 - 17*y + 11. Give l(7).
39
Let h(b) = -9*b - 1. Calculate h(-5).
44
Let g(b) = -b - 5. Calculate g(1).
-6
Let n(h) = -2*h + 21. Determine n(10).
1
Let t(x) = -27*x - 1. What is t(-1)?
26
Let m(o) = o**2 + 12*o + 5. What is m(-12)?
5
Let z(a) = -a**2 - 36*a - 96. What is z(-33)?
3
Let n(u) = -u**3 + 26*u**2 - 24*u - 24. Give n(25).
1
Let z(h) = h**2 + 15*h + 17. Determine z(-13).
-9
Let n(s) = 6*s + 1. Calculate n(-2).
-11
Let y(p) = -p**3 + 5*p**2 + 9*p - 9. Determine y(6).
9
Let f(i) = i**3 - 6*i**2 + 5*i. What is f(5)?
0
Let p(u) = -7*u + 4. Give p(5).
-31
Let g(j) = j**3 + 25*j**2 - 83*j + 13. Determine g(-28).
-15
Let w(a) = -a**3 + 2*a**2 - 4*a - 7. Calculate w(4).
-55
Let z(d) = 5*d**2 - 18*d + 3. Determine z(3).
-6
Let m(o) = -o**3 + 8*o**2 - 9*o. Calculate m(7).
-14
Let y(k) = k**3 + k**2 - 3*k. Give y(0).
0
Let z(g) = -35*g - 1. Give z(-1).
34
Let t(n) = 4*n - 26. Give t(5).
-6
Let u(t) = t**3 + 12*t**2 + t - 17. What is u(-12)?
-29
Let k(w) = -w**2 + 28*w + 17. Determine k(28).
17
Let f(v) = -10*v**2 + 4*v - 2. Give f(3).
-80
Let w(y) = 16*y - 60. What is w(12)?
132
Let w(k) = -k**3 - k**2 - 1. What is w(-3)?
17
Let k(u) = -u - 5. What is k(4)?
-9
Let n(i) = -2*i**2 - 38*i - 20. Calculate n(-20).
-60
Let y(m) = -m - 20. Calculate y(-15).
-5
Let w(a) = 2*a**3 + 2*a**2 + 4*a + 4. Determine w(-2).
-12
Let s(k) = k**2 + 15*k + 33. Calculate s(-16).
49
Let j(y) = -y**3 + 11*y**2 + 3*y - 25. Determine j(11).
8
Let g(c) = -c - 2. Determine g(-1).
-1
Let p(w) = w**2 - 6*w - 4. What is p(-5)?
51
Let r(y) = 8*y + 2. Determine r(-2).
-14
Let j(z) = z**2 - 10*z - 8. What is j(10)?
-8
Let v(s) = 2*s**3 + 143*s**2 + 69*s - 151. Calculate v(-71).
-9
Let w(q) = -q**2 + 5*q + 9. Calculate w(7).
-5
Let r(t) = -t**2 - 33*t - 138. Give r(-27).
24
Let d(u) = -u - 8. Calculate d(5).
-13
Let x(u) = -2*u**2 - 33*u - 55. Determine x(-13).
36
Let i(k) = -17*k + 6. Determine i(1).
-11
Let p(j) = -j**3 + 6*j**2 + j - 4. What is p(6)?
2
Let x(d) = -9*d**2 - 3*d - 1. What is x(-2)?
-31
Let q(c) = -2*c**3 - c**2 - 11*c + 5. What is q(0)?
5
Let h(o) = 7*o - 38. Calculate h(0).
-38
Let m(w) = -w + 4. Calculate m(3).
1
Let g(r) = -8*r - 3. What is g(-3)?
21
Let j(f) = -6*f + 6. Give j(5).
-24
Let j(n) = 3*n**2 + 136*n - 85. Calculate j(-46).
7
Let d(q) = -q**3 + 6*q**2 - 7*q + 9. Calculate d(6).
-33
Let l(a) = -a**2 + 11*a + 1. What is l(5)?
31
Let j(c) = c**3 - 9*c**2 - 3*c - 10. Determine j(9).
-37
Let s(d) = 11*d + 33. Give s(-3).
0
Let c(f) = -f - 23. Give c(0).
-23
Let k(p) = 3*p**3 - 2*p**2 + 2*p - 1. Give k(1).
2
Let j(h) = 13*h**2 - 17*h - 32. What is j(-2)?
54
Let q(l) = 2*l**3 - 7*l**2 + 14*l. What is q(3)?
33
Let j(r) = -r**3 + 8*r**2 - 7*r - 9. What is j(7)?
-9
Let j(i) = -i**2 - 10*i + 12. What is j(-11)?
1
Let a(s) = -s - 7. What is a(7)?
-14
Let y(m) = -m**2 - 16*m - 14. Determine y(-18).
-50
Let h(f) = 6*f + 25. Give h(-5).
-5
Let a(w) = -11*w**2 - 5*w - 1. Calculate a(-1).
-7
Let g(x) = -x + 1. Give g(-6).
7
Let t(u) = u**2 - 9*u - 9. Give t(9).
-9
Let f(a) = 3*a**2 - 2*a - 10. Determine f(0).
-10
Let u(m) = m**3 - 6*m**2 - 7*m + 33. Calculate u(7).
33
Let h(g) = -g**2 + 21*g - 29. Give h(19).
9
Let s(r) = -r**2 + 10*r + 80. Give s(-5).
5
Let k(o) = o**2 + 15*o + 59. Calculate k(-11).
15
Let l(u) = u**3 - 4*u**2 - 5*u - 4. What is l(6)?
38
Let t(g) = 8*g - 40. Determine t(6).
8
Let g(j) = j**3 - j**2 - 3*j - 5. What is g(3)?
4
Let x(p) = 2*p**2 + 28*p - 57. What is x(2)?
7
Let a(z) = 3*z + 31. Give a(7).
52
Let h(p) = -p**3 - 5*p**2 + 7*p + 4. Give h(-5).
-31
Let t(l) = -4*l**2 + 7*l + 1. Calculate t(4).
-35
Let q(g) = -g**3 - 8*g**2 - g - 13. What is q(-8)?
-5
Let w(v) = v**3 + 11*v**2 + 8*v - 2. What is w(-10)?
18
Let f(p) = -p**3 + 17*p**2 - 30*p + 8. What is f(15)?
8
Let y(d) = -2*d + 16. Calculate y(11).
-6
Let w(k) = -k**3 - 18*k**2 - 17*k - 39. Determine w(-17).
-39
Let t(x) = 273*x - 1368. Calculate t(5).
-3
Let q(z) = -2*z**2 + 28*z + 33. What is q(16)?
-31
Let b(t) = -2*t - 1. Give b(23).
-47
Let j(h) = 9*h + 26. Calculate j(-4).
-10
Let i(p) = -p**2 - 2*p - 3. Determine i(-4).
-11
Let w(a) = 2*a**2 + 3*a + 3. Give w(-2).
5
Let x(o) = o - 1. Determine x(5).
4
Let j(y) = y**3 + 6*y**2 - 7*y + 11. Determine j(-7).
11
Let a(w) = w**3 + 12*w**2 - 9*w + 39. What is a(-13)?
-13
Let l(s) = 2*s**3 - 9*s**2 - 22*s + 84. Determine l(5).
-1
Let i(p) = -p**3 - 4*p**2 + 14*p + 5. Determine i(-6).
-7
Let v(r) = r**3 - 7*r**2 + 10*r + 5. Calculate v(5).
5
Let m(i) = -2*i**3 + i**2. Give m(1).
-1
Let m(v) = -v + 1. Calculate m(-10).
11
Let q(b) = -2*b**2 + 6*b + 11. What is q(3)?
11
Let l(h) = h**3 + 19*h**2 - 41*h + 23. Determine l(-21).
2
Let l(w) = 4*w - 31. Determine l(8).
1
Let d(a) = a + 2. Give d(-10).
-8
Let y(c) = c**2 + 38*c + 270. What is y(-27)?
-27
Let u(c) = c**3 - 10*c**2 - 10*c - 12. Calculate u(11).
-1
Let c(x) = 8*x + 196. Give c(-25).
-4
Let w(d) = -d**2 - 16*d - 21. Calculate w(-15).
-6
Let m(n) = n**3 + 23*n**2 + 78*n + 47. What is m(-19)?
9
Let n(a) = -2*a**3 + 6*a**2 + 10*a - 4. What is n(4)?
4
Let s(y) = -26*y - 38. Determine s(-6).
118
Let u(l) = -4*l - 2. What is u(2)?
-10
Let d(j) = -j**3 + 13*j**2 + 7*j - 66. Give d(13).
25
Let d(v) = -v**3 + 9*v**2 - 8*v - 5. Determine d(8).
-5
Let k(y) = -4*y**2 + 103*y + 16. Give k(26).
-10
Let f(d) = -d**3 + 13*d**2 + 7. Determine f(13).
7
Let v(d) = -d**2 - 3*d - 3. What is v(0)?
-3
Let x(a) = 2*a**3 - 17*a**2 - 7*a + 4. What is x(8)?
-116
Let d(u) = -4*u**3 + 96*u**2 + 2*u - 69. Give d(24).
-21
Let z(y) = y - 9. Calculate z(3).
-6
Let f(t) = t**2 - 7*t - 13. What is f(10)?
17
Let m(d) = d**2 + 10*d - 2. Calculate m(-9).
-11
Let t(w) = -w - 27. What is t(-8)?
-19
Let m(u) = 2*u + 12. What is m(13)?
38
Let r(b) = 2*b + 8. Give r(-7).
-6
Let v(w) = w**2 - 15*w + 20. Give v(15).
20
Let n(k) = -2*k + 17. Determine n(4).
9
Let l(x) = -x**2 - 12*x - 12. Determine l(-10).
8
Let v(p) = -p**2 + 4*p + 7. Calculate v(-7).
-70
Let h(q) = q**3 - 8*q**2 + 7*q - 15. Give h(6).
-45
Let p(n) = -n**3 + 17*n**2 - 16*n - 21. What is p(16)?
-21
Let a(z) = -2*z**2 - 16*z + 57. Calculate a(3).
-9
Let u(a) = 7*a**2 - 49*a + 8. Give u(7).
8
Let d(g) = g**3 - 19*g**2 + 3*g - 3. Determine d(19).
54
Let z(c) = c**2 + c - 26. What is z(0)?
-26
Let s(t) = t**3 + 17*t**2 - 8. Calculate s(-17).
-8
Let t(h) = 2*h**3 - 9*h**2 - 6*h + 17. Determine t(7).
220
Let f(r) = -72*r - 660. What is f(-9)?
-12
Let o(a) = a - 68. Give o(-15).
-83
Let y(q) = -q**2 + 5*q + 3. Determine y(7).
-11
Let b(m) = -26*m + 4. Determine b(1).
-22
Let v(p) = p**3 - 5*p**2 - 11*p + 7. Determine v(7).
28
Let j(p) = p**3 - 27*p**2 - 31*p + 90. Calculate j(28).
6
Let j(h) = h**2 + 9*h - 5. Determine j(-5).
-25
Let w(f) = -f**3 - 4*f**2 - 7*f - 11. Give w(-4).
17
Let q(v) = 6*v + 16. What is q(-5)?
-14
Let m(f) = f**2 - 7*f - 119. Calculate m(15).
1
Let j(l) = l**3 + 10*l**2 + 5*l - 8. What is j(-9)?
28
Let n(y) = -22*y + 1. Determine n(2).
-43
Let v(f) = -f**2 + f - 3. Determine v(0).
-3
Let d(g) = 9*g**3 - 4*g**2 + g + 3. Determine d(2).
61
Let u(a) = -3*a - 53. Calculate u(-17).
-2
Let o(m) = -m**3 - m**2 - 61*m - 2. What is o(0)?
-2
Let f(h) = h - 2. What is f(-7)?
-9
Let t(f) = f**3 - 5*f**2 - 17*f + 24. Determine t(7).
3
Let s(v) = -2*v**3 - 38*v**2 + v + 7. Give s(-19).
-12
Let s(w) = 4*w - 184. What is s(46)?
0
Let m(d) = d**3 + 6*d**2 + 2*d - 5. Determine m(-2).
7
Let g(j) = -39*j**3 + 6*j - 5. What is g(1)?
-38
Let q(r) = r**2 + 14*r - 9. What is q(-15)?
6
Let o(p) = -7*p - 21. What is o(-7)?
28
Let t(x) = x**3 + 4*x**2 + 4*x + 1. Calculate t(-5).
-44
Let t(h) = -22*h - 346. Calculate t(-15).
-16
Let y(x) = -x**2 - 10*x. Determine y(-14).
-56
Let r(m) = m**2 - 18*m + 64. Calculate r(6).
-8
Let p(r) = -r**2 + 8*r - 4. Determine p(9).
-13
Let x(t) = -t - 22. Calculate x(-22).
0
Let x(n) = n**2 - 